divisor of 1279593 and 7?
7
What is the greatest common factor of 7747 and 2032?
127
What is the greatest common divisor of 1400217 and 2691?
897
What is the highest common factor of 84870 and 690?
690
What is the highest common divisor of 5963672 and 104?
104
What is the greatest common divisor of 147 and 258573?
147
Calculate the highest common factor of 34879 and 182.
13
Calculate the highest common factor of 78 and 822.
6
What is the highest common factor of 35165 and 26?
13
What is the greatest common factor of 19 and 18829?
19
What is the greatest common factor of 568 and 23998?
142
What is the highest common factor of 5435671 and 1618?
809
What is the highest common factor of 864 and 64476?
108
Calculate the greatest common factor of 190291 and 111.
37
Calculate the highest common divisor of 55 and 418.
11
Calculate the highest common factor of 144 and 1810584.
72
Calculate the highest common factor of 604 and 1635028.
604
Calculate the highest common divisor of 6574 and 66462.
38
Calculate the highest common factor of 38309 and 1711.
29
What is the greatest common factor of 3315 and 892398?
663
Calculate the greatest common factor of 832 and 31798.
26
What is the highest common factor of 1377 and 9860?
17
Calculate the greatest common divisor of 36208 and 167648.
496
Calculate the greatest common divisor of 507 and 147381.
39
Calculate the greatest common factor of 52397 and 604.
151
What is the highest common factor of 2922 and 276?
6
What is the highest common divisor of 122 and 6296786?
122
What is the highest common divisor of 665 and 96691?
133
What is the greatest common divisor of 20595 and 60?
15
What is the greatest common divisor of 20 and 63210?
10
What is the highest common factor of 394 and 279346?
394
Calculate the greatest common divisor of 4232 and 6808.
184
Calculate the greatest common factor of 118978 and 14725.
589
What is the highest common factor of 58015 and 2665?
205
What is the highest common factor of 1984 and 34348?
124
What is the greatest common factor of 195507 and 39?
39
Calculate the greatest common factor of 48 and 435632.
16
Calculate the greatest common divisor of 21250 and 34.
34
Calculate the highest common factor of 1021153 and 7.
7
Calculate the highest common divisor of 2196 and 1299.
3
What is the highest common factor of 1800 and 841950?
450
What is the greatest common factor of 9097894 and 26?
26
What is the greatest common divisor of 9683 and 123353?
421
What is the highest common divisor of 172 and 39689?
43
What is the greatest common divisor of 8240 and 26883?
103
Calculate the greatest common factor of 36273 and 2568.
321
Calculate the greatest common factor of 142204 and 876.
292
What is the greatest common factor of 6150 and 1763?
41
What is the greatest common factor of 689115 and 21?
21
Calculate the greatest common factor of 2704 and 112.
16
What is the greatest common divisor of 3360 and 2814?
42
What is the highest common factor of 6800 and 60?
20
Calculate the greatest common factor of 115 and 23299.
23
Calculate the highest common divisor of 1180 and 202370.
590
What is the highest common factor of 7765978 and 3652?
1826
What is the greatest common divisor of 6659860 and 40?
20
What is the greatest common divisor of 611 and 12032?
47
What is the highest common factor of 13900955 and 47?
47
What is the greatest common divisor of 10366 and 23146?
142
What is the greatest common factor of 47 and 230441?
47
What is the highest common divisor of 4823 and 2093?
91
What is the greatest common divisor of 4158 and 133?
7
Calculate the greatest common factor of 1386 and 31647.
231
What is the highest common factor of 428 and 1952108?
428
Calculate the highest common factor of 45 and 55580.
5
What is the greatest common divisor of 168 and 4053?
21
Calculate the highest common factor of 17664 and 21936.
48
Calculate the greatest common divisor of 87120 and 3060.
180
Calculate the highest common divisor of 2720 and 9616.
16
What is the greatest common factor of 20 and 1885?
5
Calculate the greatest common divisor of 1944 and 120.
24
What is the greatest common divisor of 56 and 333613?
7
Calculate the greatest common divisor of 35 and 8939.
7
Calculate the greatest common divisor of 54130 and 35.
5
What is the greatest common divisor of 10395 and 11480?
35
What is the greatest common factor of 928 and 14094?
58
Calculate the greatest common factor of 79255 and 363.
121
What is the greatest common divisor of 1089 and 20086?
121
Calculate the highest common divisor of 610 and 14396.
122
What is the highest common factor of 5 and 313985?
5
What is the greatest common factor of 2552 and 46024?
88
Calculate the greatest common divisor of 435667 and 747.
83
What is the highest common factor of 736 and 20672032?
736
Calculate the greatest common divisor of 17562 and 24.
6
Calculate the greatest common factor of 639 and 14129.
71
Calculate the highest common factor of 1191824 and 16.
16
Calculate the greatest common factor of 4104 and 28296.
216
What is the highest common divisor of 7314 and 18?
6
What is the highest common divisor of 156 and 7224?
12
Calculate the highest common factor of 264 and 11264.
88
What is the highest common divisor of 7068 and 3072?
12
What is the highest common factor of 4135625 and 25?
25
Calculate the greatest common divisor of 612 and 11907.
9
Calculate the highest common factor of 115284 and 1092.
156
Calculate the highest common divisor of 5 and 178120.
5
Calculate the greatest common factor of 9917765 and 110.
55
What is the greatest common divisor of 76 and 38228?
76
What is the greatest common factor of 29232 and 8176?
112
What is the greatest common divisor of 3082 and 268?
134
What is the highest common divisor of 532 and 46151?
133
What is the highest common factor of 22542 and 204?
102
What is the greatest common divisor of 14 and 112104?
2
Calculate the highest common divisor of 373728 and 64.
32
Calculate the greatest common factor of 503398 and 14350.
574
What is the greatest common divisor of 55041 and 57?
3
Calculate the highest common factor of 79623 and 243.
81
Calculate the highest common divisor of 3519 and 527.
17
Calculate the greatest common divisor of 353991 and 11.
11
Calculate the greatest common divisor of 364762 and 76.
38
Calculate the highest common factor of 26752 and 4576.
352
What is the highest common divisor of 215478 and 18?
18
Calculate the highest common factor of 12342 and 1089.
363
What is the greatest common divisor of 5696 and 299752?
712
What is the greatest common divisor of 13920 and 1566?
174
Calculate the greatest common factor of 13 and 84344.
13
Calculate the highest common factor of 286 and 188903.
143
Calculate the highest common divisor of 386 and 13703.
193
What is the highest common factor of 10 and 1735?
5
Calculate the highest common factor of 1605789 and 4221.
603
What is the greatest common factor of 27 and 60777?
27
What is the greatest common divisor of 41721 and 351?
3
Calculate the greatest common factor of 1284 and 1177.
107
What is the highest common factor of 910741 and 13?
13
What is the highest common divisor of 31809 and 138?
69
What is the highest common divisor of 53691 and 66?
33
Calculate the greatest common divisor of 10 and 3070.
10
Calculate the highest common divisor of 131823 and 18.
9
What is the greatest common divisor of 1005314 and 58?
58
What is the highest common factor of 277832 and 8?
8
What is the greatest common divisor of 9975 and 2835?
105
Calculate the greatest common divisor of 14 and 246106.
14
Calculate the greatest common divisor of 78 and 13598.
26
Calculate the highest common divisor of 8488 and 32.
8
What is the highest common divisor of 2788 and 67388?
68
Calculate the highest common divisor of 230300 and 1176.
196
Calculate the highest common factor of 3 and 291.
3
What is the highest common factor of 57972 and 48?
12
What is the greatest common factor of 5875 and 190500?
125
Calculate the greatest common divisor of 419202 and 378.
378
Calculate the highest common factor of 1 and 643217.
1
Calculate the greatest common divisor of 64585 and 5.
5
What is the greatest common divisor of 3504 and 3408?
48
Calculate the greatest common divisor of 2483 and 324509.
191
What is 